ist the prime factors of 14562.
2, 3, 809
What are the prime factors of 30052?
2, 11, 683
What are the prime factors of 65162?
2, 31, 1051
List the prime factors of 7782.
2, 3, 1297
List the prime factors of 1757.
7, 251
List the prime factors of 6128.
2, 383
What are the prime factors of 934?
2, 467
List the prime factors of 15223.
13, 1171
What are the prime factors of 2030?
2, 5, 7, 29
List the prime factors of 56288.
2, 1759
What are the prime factors of 37262?
2, 31, 601
What are the prime factors of 7554?
2, 3, 1259
What are the prime factors of 8474?
2, 19, 223
List the prime factors of 21472.
2, 11, 61
List the prime factors of 80773.
7, 11, 1049
What are the prime factors of 502?
2, 251
List the prime factors of 323.
17, 19
What are the prime factors of 728?
2, 7, 13
What are the prime factors of 807?
3, 269
What are the prime factors of 45476?
2, 11369
What are the prime factors of 29936?
2, 1871
List the prime factors of 1409.
1409
List the prime factors of 8195.
5, 11, 149
What are the prime factors of 21555?
3, 5, 479
List the prime factors of 5928.
2, 3, 13, 19
List the prime factors of 19914.
2, 3, 3319
List the prime factors of 7150.
2, 5, 11, 13
List the prime factors of 61756.
2, 15439
List the prime factors of 48133.
127, 379
List the prime factors of 3342.
2, 3, 557
List the prime factors of 36462.
2, 3, 59, 103
What are the prime factors of 1210?
2, 5, 11
List the prime factors of 9719.
9719
List the prime factors of 44235.
3, 5, 983
What are the prime factors of 3127?
53, 59
List the prime factors of 5948.
2, 1487
List the prime factors of 10056.
2, 3, 419
What are the prime factors of 53028?
2, 3, 491
List the prime factors of 2474.
2, 1237
What are the prime factors of 1578?
2, 3, 263
What are the prime factors of 12359?
17, 727
What are the prime factors of 28053?
3, 1039
What are the prime factors of 2568?
2, 3, 107
List the prime factors of 21246.
2, 3, 3541
List the prime factors of 14730.
2, 3, 5, 491
What are the prime factors of 2789?
2789
List the prime factors of 2696.
2, 337
List the prime factors of 707.
7, 101
What are the prime factors of 111?
3, 37
List the prime factors of 37703.
37, 1019
What are the prime factors of 2705?
5, 541
List the prime factors of 2936.
2, 367
List the prime factors of 3219.
3, 29, 37
What are the prime factors of 6494?
2, 17, 191
List the prime factors of 1481.
1481
List the prime factors of 3538.
2, 29, 61
What are the prime factors of 949?
13, 73
List the prime factors of 5943.
3, 7, 283
What are the prime factors of 1103?
1103
List the prime factors of 17116.
2, 11, 389
What are the prime factors of 6516?
2, 3, 181
List the prime factors of 131.
131
What are the prime factors of 11614?
2, 5807
List the prime factors of 755.
5, 151
What are the prime factors of 1055?
5, 211
What are the prime factors of 723?
3, 241
What are the prime factors of 63330?
2, 3, 5, 2111
What are the prime factors of 673?
673
List the prime factors of 20312.
2, 2539
List the prime factors of 497.
7, 71
What are the prime factors of 5094?
2, 3, 283
What are the prime factors of 39938?
2, 19, 1051
List the prime factors of 11897.
11897
List the prime factors of 18835.
5, 3767
List the prime factors of 9071.
47, 193
List the prime factors of 38012.
2, 13, 17, 43
List the prime factors of 2886.
2, 3, 13, 37
What are the prime factors of 41?
41
What are the prime factors of 1873?
1873
What are the prime factors of 194733?
3, 7, 11, 281
List the prime factors of 1165.
5, 233
What are the prime factors of 20954?
2, 10477
What are the prime factors of 3204?
2, 3, 89
What are the prime factors of 57718?
2, 28859
What are the prime factors of 33223?
33223
What are the prime factors of 710?
2, 5, 71
What are the prime factors of 2273?
2273
What are the prime factors of 885?
3, 5, 59
What are the prime factors of 14105?
5, 7, 13, 31
List the prime factors of 55985.
5, 11197
What are the prime factors of 39411?
3, 29, 151
What are the prime factors of 706?
2, 353
What are the prime factors of 27167?
7, 3881
List the prime factors of 3788.
2, 947
List the prime factors of 4387.
41, 107
List the prime factors of 69446.
2, 13, 2671
What are the prime factors of 5647?
5647
List the prime factors of 1289.
1289
What are the prime factors of 9071?
47, 193
What are the prime factors of 22350?
2, 3, 5, 149
What are the prime factors of 173503?
11, 15773
What are the prime factors of 973?
7, 139
What are the prime factors of 1406?
2, 19, 37
What are the prime factors of 146557?
17, 37, 233
What are the prime factors of 32144?
2, 7, 41
What are the prime factors of 72221?
72221
What are the prime factors of 706?
2, 353
List the prime factors of 4599.
3, 7, 73
What are the prime factors of 36856?
2, 17, 271
List the prime factors of 4269.
3, 1423
List the prime factors of 1340.
2, 5, 67
List the prime factors of 5999.
7, 857
List the prime factors of 37636.
2, 97
List the prime factors of 5244.
2, 3, 19, 23
What are the prime factors of 37217?
37217
What are the prime factors of 72127?
11, 79, 83
What are the prime factors of 38202?
2, 3, 6367
What are the prime factors of 6548?
2, 1637
List the prime factors of 184694.
2, 92347
What are the prime factors of 561?
3, 11, 17
List the prime factors of 68927.
68927
What are the prime factors of 86751?
3, 7, 17
What are the prime factors of 2530?
2, 5, 11, 23
What are the prime factors of 809?
809
What are the prime factors of 8922?
2, 3, 1487
List the prime factors of 21308.
2, 7, 761
List the prime factors of 27066.
2, 3, 13, 347
What are the prime factors of 85705?
5, 61, 281
What are the prime factors of 865?
5, 173
List the prime factors of 491.
491
List the prime factors of 7440.
2, 3, 5, 31
What are the prime factors of 781?
11, 71
List the prime factors of 11460.
2, 3, 5, 191
List the prime factors of 6317.
6317
What are the prime factors of 82535?
5, 17, 971
List the prime factors of 9519.
3, 19, 167
What are the prime factors of 25777?
149, 173
List the prime factors of 622.
2, 311
List the prime factors of 446.
2, 223
List the prime factors of 1268.
2, 317
List the prime factors of 33009.
3, 11003
List the prime factors of 39042.
2, 3, 241
What are the prime factors of 18943?
19, 997
List the prime factors of 978.
2, 3, 163
List the prime factors of 3800.
2, 5, 19
List the prime factors of 1569.
3, 523
What are the prime factors of 8737?
8737
List the prime factors of 16886.
2, 8443
What are the prime factors of 99316?
2, 7, 3547
List the prime factors of 42613.
43, 991
List the prime factors of 1401.
3, 467
List the prime factors of 1786.
2, 19, 47
List the prime factors of 1559.
1559
List the prime factors of 766.
2, 383
List the prime factors of 318.
2, 3, 53
List the prime factors of 105826.
2, 7, 7559
What are the prime factors of 6227?
13, 479
What are the prime factors of 27014?
2, 13, 1039
What are the prime factors of 10415?
5, 2083
What are the prime factors of 568?
2, 71
What are the prime factors of 13061?
37, 353
What are the prime factors of 112339?
112339
List the prime factors of 1586.
2, 13, 61
List the prime factors of 6840.
2, 3, 5, 19
What are the prime factors of 1779?
3, 593
List the prime factors of 9089.
61, 149
List the prime factors of 431.
431
List the prime factors of 1160.
2, 5, 29
List the prime factors of 42365.
5, 37, 229
What are the prime factors of 2844?
2, 3, 79
List the prime factors of 28560.
2, 3, 5, 7, 17
List the prime factors of 176354.
2, 88177
List the prime factors of 44054.
2, 22027
List the prime factors of 189239.
189239
What are the prime factors of 17839?
17839
What are the prime factors of 26040?
2, 3, 5, 7, 31
What are the prime factors of 176?
2, 11
What are the prime factors of 10627?
10627
What are the prime factors of 5284?
2, 1321
List the prime factors of 3231.
3, 359
What are the prime factors of 4081?
7, 11, 53
What are the prime factors of 494?
2, 13, 19
List the prime factors of 824.
2, 103
List the prime factors of 10399.
10399
What are the prime factors of 8607?
3, 19, 151
What are the prime factors of 3139?
43, 73
List the prime factors of 65597.
7, 9371
What are the prime factors of 1022?
2, 7, 73
List the prime factors of 664.
2, 83
What are the prime factors of 7403?
11, 673
What are the prime fa